r of s and p.
12
Let k be 144/(-14) + 10/35. Let a = 12 + k. Suppose 0 = -3*p + 14 - a. What is the highest common divisor of 12 and p?
4
Let b = -18 - -23. Suppose 3*h = -b*d + 14, -5*d + 17 - 1 = 2*h. Let k(u) = -u**2 + 4*u + 3. Let n be k(d). What is the greatest common factor of 3 and n?
3
Let b(k) = k**2 - 2*k - 7. Let z be b(6). Let r be (-3 - (-42)/12) + 135/2. What is the greatest common factor of z and r?
17
Suppose -4 = -i + 1. Suppose 0 = -i*g - 3*f + 1 + 7, g = -f. Suppose -g*l = 20, -105 = -5*p - l + 2*l. What is the greatest common divisor of 40 and p?
20
Suppose -15*k - k + 144 = 0. Let n = 14 - 23. Let x(j) = j + 18. Let i be x(n). What is the greatest common divisor of k and i?
9
Let a(p) = -76*p + 2. Let j be a(-2). Let s be (-924)/(-24)*(-2 - 72/(-28)). Calculate the greatest common factor of j and s.
22
Suppose 7*y - 136 = -10. Calculate the highest common factor of y and 162.
18
Let b(n) = 9*n**2 + 21*n + 117. Let t be b(-9). Calculate the greatest common factor of t and 73.
73
Suppose -d + 11 = 3*x, 4*d + x - 22 = -0. Suppose g - 9 = d. What is the highest common divisor of g and 154?
14
Let x be ((-57)/38)/((-2)/200). Let m be x - 3/6*0. What is the highest common divisor of 30 and m?
30
Let t be (15/15)/(2/18). Suppose -d - 1 + t = 0. Suppose -3*z + 1 + d = 0. What is the highest common factor of 2 and z?
1
Let d be 8236/44 + -3 - (-6)/(-33). Suppose d = 2*x + 2*x + 2*r, 0 = -3*x + 2*r + 152. Calculate the highest common factor of x and 3.
3
Let n(y) = y**2 - 6*y - 5. Let s be n(7). Suppose s*p = -p - 3*v + 18, -4*v + 4 = 2*p. Let u = 24 - p. What is the greatest common divisor of 126 and u?
14
Suppose 0 = -5*r + 47 + 13. Let h = 66 - 60. Let x be r*h*(4 - 2). Calculate the greatest common divisor of x and 16.
16
Suppose -d - 7 = -4*k, -3*d + 27 = 2*k + 2*k. Suppose -4*w + 126 = -2*o, o = d*w - 4*o - 145. What is the greatest common divisor of w and 17?
17
Let c be ((4 + -12)*-1)/(-2). Let p be (6*c)/(3/(-3)). Let r = p + 53. Calculate the highest common factor of 7 and r.
7
Let l(u) = 3*u**2 + 11*u + 2. Let x(i) = 6*i - 7. Let a be x(2). Let d be l(a). What is the highest common factor of d and 33?
33
Let p(d) be the first derivative of 14*d**3/3 - d**2 + 3*d - 8. Let w be p(1). Calculate the greatest common factor of w and 60.
15
Let v = 444 + -429. Let x(y) = -5*y**3 - 4*y**2 - 7*y. Let u be x(-3). What is the highest common divisor of v and u?
15
Let f(z) = 22*z**2 + 2*z + 1. Let l be f(-1). Suppose 0 = -97*g + 4677 + 20136 - 2406. Calculate the greatest common divisor of l and g.
21
Suppose -8*l + 7*l = 0. Suppose 2*b - 3 - 11 = l. Suppose 7 = -0*d + d. Calculate the highest common factor of b and d.
7
Let i = -48 - -88. Calculate the greatest common factor of 88 and i.
8
Suppose 5*m = m + 12. Suppose 1224 = -m*r + 9*r. Let y be 10/65 + r/26. What is the highest common factor of 64 and y?
8
Suppose 4*g - 6*g + 4 = 0. Suppose -g*f = -y + 17 - 0, -2*f + 40 = 2*y. Let p = 33 - y. What is the greatest common factor of 14 and p?
14
Let z = 426 - 377. Calculate the highest common divisor of z and 14.
7
Let d(k) = -k**2 - 7*k - 1. Let t be d(-3). Suppose t = -n - 11. Let h = -12 - n. Calculate the greatest common divisor of 25 and h.
5
Let k(l) = l**3 + 3*l**2 - 2*l - 2. Let j be k(-2). Let h = j + 14. What is the highest common divisor of 30 and h?
10
Suppose b = -4*j + 113, 367 = 4*b + 2*j - 3*j. What is the greatest common factor of b and 3?
3
Let t(i) = 161*i**2 - 7*i + 2. Let y be t(-1). Calculate the greatest common divisor of y and 51.
17
Let i be (-2)/((-154)/9053) - 8/14. Calculate the greatest common factor of i and 13.
13
Suppose -2 - 23 = -5*j. Suppose 4*k - j + 41 = 0. Let l = 29 + k. What is the highest common factor of l and 2?
2
Let a be 0 + 2/(-6) + (-98)/(-6). Calculate the greatest common divisor of 112 and a.
16
Let p be 4 + -10*49/2. Let v = p + 481. What is the greatest common divisor of v and 48?
48
Let a(c) = -c**3 + 3*c**2. Let j be a(-3). Calculate the greatest common factor of 2322 and j.
54
Suppose 0 = -6*h + 10*h + 12. Let a be -3 - (0/(-1) + h). Suppose -4*g + 2 + 70 = a. What is the greatest common factor of 6 and g?
6
Let f(j) = -2*j - 18. Suppose -8*h = -0*h + 88. Let d be f(h). Calculate the highest common factor of 16 and d.
4
Suppose -4*y = -216 - 36. Let w be (-6)/(-4)*(-31)/((-124)/24). Calculate the greatest common divisor of w and y.
9
Suppose -5*w = -0*w - 110. Let v(m) = 2*m**2 - 19*m - 19. Let s be v(-1). Calculate the highest common factor of s and w.
2
Let p be (13 - -1) + -6 + (-4)/(-2). Let v be (-4)/(-10)*-26*(-25)/p. What is the greatest common factor of 2 and v?
2
Suppose -t = 3*b - 38, 11*b - 10*b - 4*t - 17 = 0. Calculate the highest common factor of b and 377.
13
Let p(r) = r - 10. Let l be p(14). Let i(b) = 21*b**2 - 7*b. Let t be i(l). Suppose 5*h - 98 - 42 = 0. Calculate the highest common divisor of t and h.
28
Suppose -4*j - 2*o = 1422, 4*o + o + 1084 = -3*j. Let n be j/(-2) + 3/(-6). What is the highest common divisor of n and 22?
22
Suppose 37 = 2*d + 13. Suppose 0*s + 4*p = -4*s + 32, -p - 22 = -4*s. Let l be s*(-5)/(10/(-44)). Calculate the greatest common divisor of l and d.
12
Suppose -7*u = -6*u - 30. Suppose 3*i = u + 162. Let t = 20 + -4. What is the greatest common divisor of t and i?
16
Suppose 74 = 2*f - 4*c, 38 = f + 3*c - 14. Suppose -4*t + f = -37. Suppose -5*u - 2*u = -140. What is the highest common divisor of t and u?
20
Let b be 6/(((-26)/130)/((-8)/30)). Let w = 1 + 3. Let y = w + 12. What is the highest common factor of b and y?
8
Suppose h - 5*z + 4 = 0, -5 = -5*z - 0*z. Calculate the greatest common divisor of 1 and h.
1
Let x = -154 - -194. What is the greatest common divisor of 80 and x?
40
Suppose l - 1 - 1 = 0. Let u = l - 0. Let p(f) = -40*f - 394. Let g be p(-10). What is the greatest common divisor of g and u?
2
Suppose 0 = 4*g - 3*m - 9, 4*g = -5*m + 47 + 2. Let p = -2 - -3. Let o be g + (-3)/p - -8. Calculate the greatest common divisor of 121 and o.
11
Let d be (-40)/(5 + -13) + 2. Suppose -2*t - 35 = -7*t. Calculate the greatest common factor of d and t.
7
Let x = 11 - 7. Suppose -14 = -6*b + x. Calculate the greatest common divisor of b and 2.
1
Let u = 13 + 0. Suppose -g + u = -42. Let j be (-23)/(-2) - 1/2. Calculate the highest common factor of g and j.
11
Let j = 53 + -42. Suppose -587 - 172 = -j*u. Calculate the highest common factor of 23 and u.
23
Let x = -40 - -69. Let b = x - 17. Calculate the greatest common divisor of b and 36.
12
Let i = 1400 + -992. What is the greatest common factor of 34 and i?
34
Let c(y) = -24*y - 215. Let n be c(-9). Calculate the greatest common divisor of n and 27.
1
Suppose 0 = 2*o - 4*t - 66, -o = -3*o - 5*t + 75. Suppose -o = -5*p + 105. What is the greatest common divisor of p and 14?
14
Suppose -3*s + 5*a = -25, -2*s = s + 5*a + 25. Let k = -5 - -8. Suppose s = -k*v + 7*v - 240. Calculate the highest common factor of v and 24.
12
Let z = 219 - 208. Calculate the greatest common factor of 297 and z.
11
Let q be (-253)/23 - (-1251 + 0). What is the greatest common divisor of q and 40?
40
Let a = -417 - -521. Calculate the highest common factor of a and 8.
8
Let d be (-135)/(-18)*2/(-3). Let k be (d - -5) + 3/1. Suppose -k*r = -2*r - 17. Calculate the greatest common factor of 51 and r.
17
Let d = 84 - 171. Let i = d - -131. Calculate the greatest common divisor of 66 and i.
22
Suppose 0 = 5*z - 0*z. Suppose z*g = -g + 22. What is the highest common factor of 22 and g?
22
Let c(b) = -9*b + 4. Let j be c(3). Let z = j + 39. Let o = 58 - 18. What is the greatest common factor of z and o?
8
Let s(v) = v**3 - 5*v**2 - v + 5. Let z be s(5). Suppose -3*b + 60 = 5*i, -2*b - 2*i - 14 + 50 = z. Calculate the highest common factor of b and 15.
15
Suppose -3*b = -10*b + 154. What is the highest common factor of 176 and b?
22
Suppose 0*j - 20 = 5*j, 0 = 4*y - 2*j - 24. What is the greatest common factor of 13 and y?
1
Suppose 0 = 2*f + 2*n - 8, 2*n + 2 = -4*f + 7*n. Let x = 132 + -110. What is the highest common factor of x and f?
2
Let g be 342/4 - (0 - 3)/6. What is the greatest common divisor of 774 and g?
86
Let g be (2 - (-6)/(-3))/(-2). Suppose g = 4*j + 4, 0 = -5*z + 4*z - 2*j + 5. Let m = 49